(-462)/l*-10*1/(-4).
20
Let l = 279 + -107. Suppose 3*r + w - 63 = 0, -r + 3*r - 47 = w. Calculate the remainder when l is divided by r.
18
Let z(o) = 2*o**3 - 9*o**2 - 12*o + 2. Let a be z(8). Let d = a - 315. Calculate the remainder when 114 is divided by d.
36
Suppose 486 - 1702 = -7*s - 25*s. What is the remainder when 2810 is divided by s?
36
Suppose 2*p = -2*a + 76, 3*a - 447 = p - 325. Calculate the remainder when 237 is divided by a.
37
Suppose -3*r - 2*s - 44 = 0, 0 = -12*r + 16*r - 2*s + 40. Let f(t) = -7*t - 64. What is the remainder when 1457 is divided by f(r)?
17
Suppose 66*a + 24*a - 210184 = 4*a. Calculate the remainder when a is divided by 153.
149
Let a(w) = w**2 - 8*w + 9. Let g be a(7). Let f = g - 0. Suppose -2 = v - f*b, -4*v + 53 + 4 = 5*b. What is the remainder when 14 is divided by v?
6
Let w = -2331 - -2332. Calculate the remainder when 39 is divided by w.
0
Let r(y) = -y**2 + 8*y + 17. Let v be r(10). Suppose d = 3*d - 18. Calculate the remainder when v - (2 - 1*40) is divided by d.
8
Let p = 10133 + -9324. What is the remainder when 1622 is divided by p?
4
Let y(f) be the first derivative of -f**2/2 + 9*f + 16. Let g(l) = 7*l + 36. What is the remainder when g(-4) is divided by y(3)?
2
Suppose -3*r + 4*j = -6*r - 112, j - 156 = 5*r. Let o = r + 53. Calculate the remainder when 142 is divided by o.
16
Calculate the remainder when 11/((-88)/4986)*(-4)/3 is divided by 60.
51
What is the remainder when 3 + 85/7 + (-16)/112 is divided by 7?
1
Suppose 5*q + 7 = 22. Let f be 2/(38/(-14) + q). Suppose f = 2*l - 23. What is the remainder when 162 is divided by l?
12
Suppose -9*k + 10*k - 4*j - 323 = 0, 3*j + 1615 = 5*k. Suppose 7*w - 3*w = -i + 141, 5*w - 177 = -i. Calculate the remainder when k is divided by w.
35
Let d = -4059 - -4277. Calculate the remainder when 222 is divided by d.
4
Suppose 4*j = o + 78 + 4, -j + o + 19 = 0. Let b(h) = 23*h**2 - 13*h - 19. Let z be b(-5). Let g = -565 + z. What is the remainder when g is divided by j?
14
Suppose -2*n - 202*t + 99 = -201*t, 2*n - 2*t = 108. Calculate the remainder when 1267 is divided by n.
43
Let s be (-1 - (-9)/(-6))/((-8)/16). Suppose -x + s*x - 2 = -2*h, 5*x = 4*h - 56. Calculate the remainder when h is divided by 7.
2
Suppose -31*q + 2088 = -43*q. Calculate the remainder when 2/((-16)/(-12))*q/(-9) is divided by 2.
1
Suppose 0 = -f + 3*w - 20, 5*f + 2*w = -294 + 330. What is the remainder when (16/(-10))/((-2)/55) is divided by f?
0
Let p(h) = 5 + 9*h**2 + 4 - 57*h**2 - 37*h + 39*h. Let o be p(-2). Let y = o - -295. What is the remainder when y is divided by 38?
32
Let a = 7334 + -7221. What is the remainder when 344 is divided by a?
5
Let h = 3034 + -2937. Calculate the remainder when h is divided by 26.
19
Suppose -2*g - 23 = -y, 6*g = 4*g - 5*y - 29. Calculate the remainder when (-2)/12 - (-1410)/36 is divided by (-134)/g + (119/42 - 3).
6
Let a = -106 - -110. Suppose 0 = -v - a*z + 8, 3*z = 10*v - 8*v - 49. Calculate the remainder when v is divided by 0 + 5 + 0 + 1.
2
Suppose -2*m - 25 = 5*y, 2*y = 3*m - 4*m - 10. Suppose m = -3*r + r + 18. Suppose 36*j - 720 = 792. What is the remainder when j is divided by r?
6
Suppose 0 = -6*r + 30, -4*r + 9*r - 2770 = -o. Calculate the remainder when o is divided by 907.
24
Let k(a) = a**3 + 17*a**2 - 23*a + 2. Let o(z) = -z. Let q(j) = -k(j) + 5*o(j). Let l be q(-18). Calculate the remainder when 10 is divided by (l - -6)*56/32.
3
Suppose -4*b + 880 = 2*k, 2*k - k = -2*k - 12. What is the remainder when b is divided by 1 + (55 - 0/1)?
54
Suppose -25*l + 563 = -187. Suppose l = -6*n + 48. Calculate the remainder when 82 is divided by n.
1
Suppose 31 = 4*o - 121. Let g be (144/(-28))/(-3) + 2/7. What is the remainder when 3/g*(-1120)/(-15) is divided by o?
36
Let a = -115 + 115. Suppose -44*h + 41*h + 105 = a. What is the remainder when 88 is divided by h?
18
Let q(l) = -l**3 + 14*l**2 - 12*l - 17. Calculate the remainder when 5223 is divided by q(4).
93
Suppose -454*z = -442*z - 62592. What is the remainder when z is divided by 23?
18
Let c = 12 + -13. Let z be (-24)/(-8) + (2/c - -92). Let v = z + -49. What is the remainder when v is divided by 15?
14
Let b(q) = -10*q - 5. Let w be b(-2). What is the remainder when 23 is divided by 81/(w/5) - 4?
0
Let s(d) = 3*d**2 + 82*d + 535. Calculate the remainder when s(-35) is divided by 348.
296
Suppose -69 = -4*d - 789. Let k = d - -238. Calculate the remainder when ((-138)/15)/((-2)/50) is divided by k.
56
Let q = -35 - -37. Suppose -y + 90 = -q. Suppose -5*z + s + y = 11, 5*s = -z + 11. Calculate the remainder when 78 is divided by z.
14
Let o = -74 - -46. Let n(r) = -5*r - 129. What is the remainder when 20 is divided by n(o)?
9
Suppose 0 = 5*h - 25, -2*o + o = 5*h - 297. Let y(i) = -8*i**2 + 100*i + 1255. What is the remainder when o is divided by y(20)?
52
Suppose 0 = -417*y + 2610189 + 233334. Calculate the remainder when y is divided by 37.
11
Suppose 2*u + 18 = -k - 4*k, -2*k - 5*u = 24. What is the remainder when 1589*((-58)/(-28)*k + 5) is divided by 11?
9
Let c be 24*230/69*1/2. Let s be (-1)/((-3)/(-36)*-2). Let k = c + s. Calculate the remainder when k is divided by 8.
6
Suppose 12449 = 16*s + 43*s. Suppose y - 70 = 2*k, 2*k = -3*y + 289 - 71. Calculate the remainder when s is divided by y.
67
Suppose 5*y - 2*w = 413, 4*w - 86 - 141 = -3*y. Calculate the remainder when 3076 is divided by y.
79
Suppose -4*p = -8*p - 5*p + 7659. What is the remainder when p is divided by 28?
11
Suppose 187 = -9*l + 3337. Suppose -5*r - 5*b = -l, -5*b + 70 = -4*r + 5*r. Let v = 25 + r. What is the remainder when v is divided by 32?
31
Let q(g) = -3*g - 4. Let n be (-12 + 16)/((-2)/(-4)). Calculate the remainder when 1060/n*(-8)/(-20) is divided by q(-5).
9
Let a = 5536 - 5341. What is the remainder when 811 is divided by a?
31
Suppose 4*v = -s + 2841, -v + 5*s = -1538 + 791. What is the remainder when v is divided by 711?
1
Let j(h) = -13*h - 91. Let d(k) = -585*k - 2. Let g be d(-1). Calculate the remainder when j(-11) is divided by g/44 + (-3)/(-4).
10
Let m(i) = i**3 - 26*i**2 + 49*i - 19. Let d be m(24). Suppose d*b - 59 = -s, -4*b + 8 = -5*s + 216. What is the remainder when 87 is divided by s?
43
Let b(t) = -5*t**2 - 22*t - 48. Let k(j) = -4*j**2 - 22*j - 47. Let u(s) = 5*b(s) - 6*k(s). Let p = -23 - -44. What is the remainder when u(p) is divided by 32?
31
Suppose 5*o - 105 = -m - 4*m, -38 = -2*o - 4*m. Let c be (14/(-21))/((-2)/(-531)). Let s = -90 - c. What is the remainder when s is divided by o?
18
Let u = 312 - 310. Suppose -4*o + 180 = u*h - 5*o, 2*h + 2*o - 180 = 0. What is the remainder when 179 is divided by h?
89
Let r(d) = -d**3 - 6*d**2 - 2*d - 2. Calculate the remainder when 453/(-604)*(-1 + -35) is divided by r(-6).
7
Let v(r) = 30*r**2 - r. Let t = -42988 + 42999. Calculate the remainder when v(-1) is divided by t.
9
Let a(p) = 2*p**2 + 94*p + 45. Calculate the remainder when 117 is divided by a(-47).
27
Let l = 13776 - 5846. Suppose -18*i = 8*i - l. What is the remainder when i is divided by 14?
11
Let d(n) = 57 + 32*n + n**2 + 96 - n - 2*n. What is the remainder when d(-28) is divided by 16?
13
Let q = 295 - 159. Calculate the remainder when 436 is divided by q.
28
Suppose 4*t = 0, -3*z = -t - 4*t - 18. Let u be 0 + 153 - z/3. Let l = u + -56. What is the remainder when l is divided by 25?
20
Let h(o) be the first derivative of 2*o + 2*o**3 - 3/2*o**2 + 15. What is the remainder when h(2) is divided by 12?
8
Suppose -4*r = -5*j + 2478, -2*r + 4*r = 3*j - 1240. Let o = r + 619. Calculate the remainder when 2 is divided by o.
0
Let t be (-1)/(0 - 1)*(-65 + 68). Suppose -t*q - 510 = -705. What is the remainder when q is divided by 29?
7
Suppose -2*s - 3*s + 1715 = 0. Suppose -137*o = -144*o + s. Calculate the remainder when 69 is divided by o.
20
Suppose 5*y + 5*n - 812 + 157 = 0, 0 = -y - 4*n + 137. What is the remainder when y is divided by 11?
8
Let u be (-126)/84 - 39/(-2). What is the remainder when (-2 + 338/(-8))/(u/(-24)) is divided by 7?
3
Let l = 70 + -54. Suppose -3*a + l*a - 546 = 0. Suppose 5*s = s - u + 56, -3*s + a = -5*u. Calculate the remainder when 25 is divided by s.
11
Suppose 0 = 4*b - 5*r - 21, 5*r + 22 = 5*b - 8. Let n be 1/2*-1*-4. Suppos